{"id":319,"date":"2015-11-18T17:52:30","date_gmt":"2015-11-18T16:52:30","guid":{"rendered":"http:\/\/www.sn.schule.de\/~gym-heidenau\/web\/?page_id=319"},"modified":"2019-01-08T20:41:52","modified_gmt":"2019-01-08T18:41:52","slug":"tschechien","status":"publish","type":"page","link":"https:\/\/wp.pestalozzi-gymnasium-heidenau.info\/index.php\/tschechien\/","title":{"rendered":"Tschechien"},"content":{"rendered":"<p style=\"margin: 0cm; margin-bottom: .0001pt;\"><span style=\"font-family: 'Arial',sans-serif;\">Im Rahmen der st\u00e4dtepartnerschaftlichen Beziehungen zwischen Heidenau und Bene\u0161ov nad Plou\u010dnic\u00ed in der Tschechischen Republik besteht seit 1992 eine enge Kooperation zwischen unserem Gymnasium und der Z\u00e1kladn\u00ed \u0161kola.<\/span><\/p>\n<p style=\"margin: 0cm; margin-bottom: .0001pt;\"><span style=\"font-family: 'Arial',sans-serif;\">Dobr\u00fd den, V\u00edtejte \u2013 Guten Tag und herzlich willkommen. <\/span><\/p>\n<p style=\"margin: 0cm; margin-bottom: .0001pt;\"><span style=\"font-family: 'Arial',sans-serif;\">Diese freundlichen Worte h\u00f6rt man seitdem mehrmals im Jahr.<\/span><\/p>\n<p style=\"margin: 0cm; margin-bottom: .0001pt;\"><span style=\"font-family: 'Arial',sans-serif;\">Sch\u00fclergruppen der 7. bis 9. Klassen treffen sich regelm\u00e4\u00dfig, um in verschiedensten Projekten miteinander zu arbeiten. Bei gemeinsamen Aktivit\u00e4ten lernt man sich kennen, erf\u00e4hrt viel \u00fcber die Lebensgewohnheiten der anderen und Sprachbarrieren sind schnell abgebaut.<\/span><\/p>\n<p style=\"margin: 0cm; margin-bottom: .0001pt;\"><span style=\"font-family: 'Arial',sans-serif;\">Traditionell werden Vertreter unserer Schule zur Sommersonnenwende-Feier in Bene\u0161ov eingeladen und wir freuen uns auf den Besuch unserer G\u00e4ste zum Weihnachtssingen im Dezember jeden Jahres.<\/span><\/p>\n<p style=\"margin: 0cm; margin-bottom: .0001pt;\"><span style=\"font-family: 'Arial',sans-serif;\">Lehrer unserer Schule nehmen an Workshops teil, die unsere Partnerschule organisiert.<\/span><\/p>\n<p style=\"margin: 0cm; margin-bottom: .0001pt;\"><span style=\"font-family: 'Arial',sans-serif;\">Die k\u00fcnstlerischen Ergebnisse der Projekte werden einmal im Jahr pr\u00e4sentiert. Zur Vernissage treffen sich die \u201eK\u00fcnstler\u201c auch mit Vertretern beider St\u00e4dte und Schulen.<\/span><\/p>\n<p style=\"margin: 0cm; margin-bottom: .0001pt;\"><span style=\"font-family: 'Arial',sans-serif;\">Einige Projekte der letzten Jahre:<\/span><\/p>\n<p style=\"margin: 0cm; margin-bottom: .0001pt;\"><span style=\"font-family: 'Arial',sans-serif;\">Begegnungen im Eurohof Heinewalde <\/span><\/p>\n<p style=\"margin: 0cm; margin-bottom: .0001pt;\"><span style=\"font-family: 'Arial',sans-serif;\">2012 \u201eWas(s)erleben\u201c<\/span><\/p>\n<p style=\"margin: 0cm; margin-bottom: .0001pt;\"><span style=\"font-family: 'Arial',sans-serif;\">2013 \u201eDer olympische Gedanke\u201c<\/span><\/p>\n<p style=\"margin: 0cm; margin-bottom: .0001pt;\"><span style=\"font-family: 'Arial',sans-serif;\">2014 \u201eUnsere Welt\u201c<\/span><\/p>\n<p style=\"margin: 0cm; margin-bottom: .0001pt;\"><span style=\"font-family: 'Arial',sans-serif;\">2015\/16 \u201eMusik verbindet V\u00f6lker\u201c<\/span><\/p>\n<div>2017 &nbsp; &#8222;Gemeinsam \u2013 kreA(k)tivn\u011b \u2013 spolu&#8220;<\/div>\n<div>2018&nbsp; &#8222;slunovrat &#8211; Sonnenwende&#8220;<\/div>\n<p style=\"margin: 0cm; margin-bottom: .0001pt;\"><span style=\"font-family: 'Arial',sans-serif;\">KleM<\/span><\/p>\n<p style=\"margin: 0cm; margin-bottom: .0001pt;\">&nbsp;<\/p>\n<p style=\"margin: 0cm; margin-bottom: .0001pt;\"><!-- default-view.php -->\n<div\n\tclass=\"ngg-galleryoverview default-view\n\t ngg-ajax-pagination-none\t\"\n\tid=\"ngg-gallery-22326431206a38fb9a4ae3efdd4170af-1\"\n\tdata-gallery-id=\"30\">\n\n\t\t<!-- Thumbnails -->\n\t\t\t\t<div id=\"ngg-image-0\" class=\"ngg-gallery-thumbnail-box\n\t\t\t\t\t\t\t\tngg-3-columns\t\t\t\"\n\t\t\t>\n\t\t\t\t\t\t<div class=\"ngg-gallery-thumbnail\">\n\t\t\t<a href=\"https:\/\/wp.pestalozzi-gymnasium-heidenau.info\/wp-content\/gallery\/tschechien\/2013.jpg\"\n\t\t\t\ttitle=\"\"\n\t\t\t\tdata-src=\"https:\/\/wp.pestalozzi-gymnasium-heidenau.info\/wp-content\/gallery\/tschechien\/2013.jpg\"\n\t\t\t\tdata-thumbnail=\"https:\/\/wp.pestalozzi-gymnasium-heidenau.info\/wp-content\/gallery\/tschechien\/thumbs\/thumbs_2013.jpg\"\n\t\t\t\tdata-image-id=\"534\"\n\t\t\t\tdata-title=\"2013\"\n\t\t\t\tdata-description=\"\"\n\t\t\t\tdata-image-slug=\"2013\"\n\t\t\t\t\t\t\t\t\t\t\t\t\t\t\t\t\t\t\t\tclass=\"ngg-fancybox\" rel=\"22326431206a38fb9a4ae3efdd4170af\">\n\t\t\t\t\t\t\t\t<img\n\t\t\t\t\ttitle=\"2013\"\n\t\t\t\t\talt=\"2013\"\n\t\t\t\t\tsrc=\"https:\/\/wp.pestalozzi-gymnasium-heidenau.info\/wp-content\/gallery\/tschechien\/thumbs\/thumbs_2013.jpg\"\n\t\t\t\t\twidth=\"240\"\n\t\t\t\t\theight=\"160\"\n\t\t\t\t\tstyle=\"max-width:100%;\"\n\t\t\t\t\/>\n\t\t\t<\/a>\n\t\t<\/div>\n\t\t\t\t\t\t\t<\/div>\n\t\t\t\n\t\t\t\t<div id=\"ngg-image-1\" class=\"ngg-gallery-thumbnail-box\n\t\t\t\t\t\t\t\tngg-3-columns\t\t\t\"\n\t\t\t>\n\t\t\t\t\t\t<div class=\"ngg-gallery-thumbnail\">\n\t\t\t<a href=\"https:\/\/wp.pestalozzi-gymnasium-heidenau.info\/wp-content\/gallery\/tschechien\/2014.JPG\"\n\t\t\t\ttitle=\"\"\n\t\t\t\tdata-src=\"https:\/\/wp.pestalozzi-gymnasium-heidenau.info\/wp-content\/gallery\/tschechien\/2014.JPG\"\n\t\t\t\tdata-thumbnail=\"https:\/\/wp.pestalozzi-gymnasium-heidenau.info\/wp-content\/gallery\/tschechien\/thumbs\/thumbs_2014.JPG\"\n\t\t\t\tdata-image-id=\"535\"\n\t\t\t\tdata-title=\"2014\"\n\t\t\t\tdata-description=\"\"\n\t\t\t\tdata-image-slug=\"2014\"\n\t\t\t\t\t\t\t\t\t\t\t\t\t\t\t\t\t\t\t\tclass=\"ngg-fancybox\" rel=\"22326431206a38fb9a4ae3efdd4170af\">\n\t\t\t\t\t\t\t\t<img\n\t\t\t\t\ttitle=\"2014\"\n\t\t\t\t\talt=\"2014\"\n\t\t\t\t\tsrc=\"https:\/\/wp.pestalozzi-gymnasium-heidenau.info\/wp-content\/gallery\/tschechien\/thumbs\/thumbs_2014.JPG\"\n\t\t\t\t\twidth=\"240\"\n\t\t\t\t\theight=\"160\"\n\t\t\t\t\tstyle=\"max-width:100%;\"\n\t\t\t\t\/>\n\t\t\t<\/a>\n\t\t<\/div>\n\t\t\t\t\t\t\t<\/div>\n\t\t\t\n\t\t\t\t<div id=\"ngg-image-2\" class=\"ngg-gallery-thumbnail-box\n\t\t\t\t\t\t\t\tngg-3-columns\t\t\t\"\n\t\t\t>\n\t\t\t\t\t\t<div class=\"ngg-gallery-thumbnail\">\n\t\t\t<a href=\"https:\/\/wp.pestalozzi-gymnasium-heidenau.info\/wp-content\/gallery\/tschechien\/2015-1.JPG\"\n\t\t\t\ttitle=\"\"\n\t\t\t\tdata-src=\"https:\/\/wp.pestalozzi-gymnasium-heidenau.info\/wp-content\/gallery\/tschechien\/2015-1.JPG\"\n\t\t\t\tdata-thumbnail=\"https:\/\/wp.pestalozzi-gymnasium-heidenau.info\/wp-content\/gallery\/tschechien\/thumbs\/thumbs_2015-1.JPG\"\n\t\t\t\tdata-image-id=\"536\"\n\t\t\t\tdata-title=\"2015-1\"\n\t\t\t\tdata-description=\"\"\n\t\t\t\tdata-image-slug=\"2015-1\"\n\t\t\t\t\t\t\t\t\t\t\t\t\t\t\t\t\t\t\t\tclass=\"ngg-fancybox\" rel=\"22326431206a38fb9a4ae3efdd4170af\">\n\t\t\t\t\t\t\t\t<img\n\t\t\t\t\ttitle=\"2015-1\"\n\t\t\t\t\talt=\"2015-1\"\n\t\t\t\t\tsrc=\"https:\/\/wp.pestalozzi-gymnasium-heidenau.info\/wp-content\/gallery\/tschechien\/thumbs\/thumbs_2015-1.JPG\"\n\t\t\t\t\twidth=\"240\"\n\t\t\t\t\theight=\"160\"\n\t\t\t\t\tstyle=\"max-width:100%;\"\n\t\t\t\t\/>\n\t\t\t<\/a>\n\t\t<\/div>\n\t\t\t\t\t\t\t<\/div>\n\t\t\t\n\t\t\t\t<div id=\"ngg-image-3\" class=\"ngg-gallery-thumbnail-box\n\t\t\t\t\t\t\t\tngg-3-columns\t\t\t\"\n\t\t\t>\n\t\t\t\t\t\t<div class=\"ngg-gallery-thumbnail\">\n\t\t\t<a href=\"https:\/\/wp.pestalozzi-gymnasium-heidenau.info\/wp-content\/gallery\/tschechien\/2015-2.JPG\"\n\t\t\t\ttitle=\"\"\n\t\t\t\tdata-src=\"https:\/\/wp.pestalozzi-gymnasium-heidenau.info\/wp-content\/gallery\/tschechien\/2015-2.JPG\"\n\t\t\t\tdata-thumbnail=\"https:\/\/wp.pestalozzi-gymnasium-heidenau.info\/wp-content\/gallery\/tschechien\/thumbs\/thumbs_2015-2.JPG\"\n\t\t\t\tdata-image-id=\"537\"\n\t\t\t\tdata-title=\"2015-2\"\n\t\t\t\tdata-description=\"\"\n\t\t\t\tdata-image-slug=\"2015-2\"\n\t\t\t\t\t\t\t\t\t\t\t\t\t\t\t\t\t\t\t\tclass=\"ngg-fancybox\" rel=\"22326431206a38fb9a4ae3efdd4170af\">\n\t\t\t\t\t\t\t\t<img\n\t\t\t\t\ttitle=\"2015-2\"\n\t\t\t\t\talt=\"2015-2\"\n\t\t\t\t\tsrc=\"https:\/\/wp.pestalozzi-gymnasium-heidenau.info\/wp-content\/gallery\/tschechien\/thumbs\/thumbs_2015-2.JPG\"\n\t\t\t\t\twidth=\"240\"\n\t\t\t\t\theight=\"160\"\n\t\t\t\t\tstyle=\"max-width:100%;\"\n\t\t\t\t\/>\n\t\t\t<\/a>\n\t\t<\/div>\n\t\t\t\t\t\t\t<\/div>\n\t\t\t\n\t\t\t\t<div id=\"ngg-image-4\" class=\"ngg-gallery-thumbnail-box\n\t\t\t\t\t\t\t\tngg-3-columns\t\t\t\"\n\t\t\t>\n\t\t\t\t\t\t<div class=\"ngg-gallery-thumbnail\">\n\t\t\t<a href=\"https:\/\/wp.pestalozzi-gymnasium-heidenau.info\/wp-content\/gallery\/tschechien\/2016-1.JPG\"\n\t\t\t\ttitle=\"\"\n\t\t\t\tdata-src=\"https:\/\/wp.pestalozzi-gymnasium-heidenau.info\/wp-content\/gallery\/tschechien\/2016-1.JPG\"\n\t\t\t\tdata-thumbnail=\"https:\/\/wp.pestalozzi-gymnasium-heidenau.info\/wp-content\/gallery\/tschechien\/thumbs\/thumbs_2016-1.JPG\"\n\t\t\t\tdata-image-id=\"538\"\n\t\t\t\tdata-title=\"2016-1\"\n\t\t\t\tdata-description=\"\"\n\t\t\t\tdata-image-slug=\"2016-1\"\n\t\t\t\t\t\t\t\t\t\t\t\t\t\t\t\t\t\t\t\tclass=\"ngg-fancybox\" rel=\"22326431206a38fb9a4ae3efdd4170af\">\n\t\t\t\t\t\t\t\t<img\n\t\t\t\t\ttitle=\"2016-1\"\n\t\t\t\t\talt=\"2016-1\"\n\t\t\t\t\tsrc=\"https:\/\/wp.pestalozzi-gymnasium-heidenau.info\/wp-content\/gallery\/tschechien\/thumbs\/thumbs_2016-1.JPG\"\n\t\t\t\t\twidth=\"240\"\n\t\t\t\t\theight=\"160\"\n\t\t\t\t\tstyle=\"max-width:100%;\"\n\t\t\t\t\/>\n\t\t\t<\/a>\n\t\t<\/div>\n\t\t\t\t\t\t\t<\/div>\n\t\t\t\n\t\t\t\t<div id=\"ngg-image-5\" class=\"ngg-gallery-thumbnail-box\n\t\t\t\t\t\t\t\tngg-3-columns\t\t\t\"\n\t\t\t>\n\t\t\t\t\t\t<div class=\"ngg-gallery-thumbnail\">\n\t\t\t<a href=\"https:\/\/wp.pestalozzi-gymnasium-heidenau.info\/wp-content\/gallery\/tschechien\/2016-2.JPG\"\n\t\t\t\ttitle=\"\"\n\t\t\t\tdata-src=\"https:\/\/wp.pestalozzi-gymnasium-heidenau.info\/wp-content\/gallery\/tschechien\/2016-2.JPG\"\n\t\t\t\tdata-thumbnail=\"https:\/\/wp.pestalozzi-gymnasium-heidenau.info\/wp-content\/gallery\/tschechien\/thumbs\/thumbs_2016-2.JPG\"\n\t\t\t\tdata-image-id=\"539\"\n\t\t\t\tdata-title=\"2016-2\"\n\t\t\t\tdata-description=\"\"\n\t\t\t\tdata-image-slug=\"2016-2\"\n\t\t\t\t\t\t\t\t\t\t\t\t\t\t\t\t\t\t\t\tclass=\"ngg-fancybox\" rel=\"22326431206a38fb9a4ae3efdd4170af\">\n\t\t\t\t\t\t\t\t<img\n\t\t\t\t\ttitle=\"2016-2\"\n\t\t\t\t\talt=\"2016-2\"\n\t\t\t\t\tsrc=\"https:\/\/wp.pestalozzi-gymnasium-heidenau.info\/wp-content\/gallery\/tschechien\/thumbs\/thumbs_2016-2.JPG\"\n\t\t\t\t\twidth=\"240\"\n\t\t\t\t\theight=\"160\"\n\t\t\t\t\tstyle=\"max-width:100%;\"\n\t\t\t\t\/>\n\t\t\t<\/a>\n\t\t<\/div>\n\t\t\t\t\t\t\t<\/div>\n\t\t\t\n\t\t\t\t<div id=\"ngg-image-6\" class=\"ngg-gallery-thumbnail-box\n\t\t\t\t\t\t\t\tngg-3-columns\t\t\t\"\n\t\t\t>\n\t\t\t\t\t\t<div class=\"ngg-gallery-thumbnail\">\n\t\t\t<a href=\"https:\/\/wp.pestalozzi-gymnasium-heidenau.info\/wp-content\/gallery\/tschechien\/Band.JPG\"\n\t\t\t\ttitle=\"\"\n\t\t\t\tdata-src=\"https:\/\/wp.pestalozzi-gymnasium-heidenau.info\/wp-content\/gallery\/tschechien\/Band.JPG\"\n\t\t\t\tdata-thumbnail=\"https:\/\/wp.pestalozzi-gymnasium-heidenau.info\/wp-content\/gallery\/tschechien\/thumbs\/thumbs_Band.JPG\"\n\t\t\t\tdata-image-id=\"540\"\n\t\t\t\tdata-title=\"Band\"\n\t\t\t\tdata-description=\"\"\n\t\t\t\tdata-image-slug=\"band\"\n\t\t\t\t\t\t\t\t\t\t\t\t\t\t\t\t\t\t\t\tclass=\"ngg-fancybox\" rel=\"22326431206a38fb9a4ae3efdd4170af\">\n\t\t\t\t\t\t\t\t<img\n\t\t\t\t\ttitle=\"Band\"\n\t\t\t\t\talt=\"Band\"\n\t\t\t\t\tsrc=\"https:\/\/wp.pestalozzi-gymnasium-heidenau.info\/wp-content\/gallery\/tschechien\/thumbs\/thumbs_Band.JPG\"\n\t\t\t\t\twidth=\"240\"\n\t\t\t\t\theight=\"160\"\n\t\t\t\t\tstyle=\"max-width:100%;\"\n\t\t\t\t\/>\n\t\t\t<\/a>\n\t\t<\/div>\n\t\t\t\t\t\t\t<\/div>\n\t\t\t\n\t\t\t\t<div id=\"ngg-image-7\" class=\"ngg-gallery-thumbnail-box\n\t\t\t\t\t\t\t\tngg-3-columns\t\t\t\"\n\t\t\t>\n\t\t\t\t\t\t<div class=\"ngg-gallery-thumbnail\">\n\t\t\t<a href=\"https:\/\/wp.pestalozzi-gymnasium-heidenau.info\/wp-content\/gallery\/tschechien\/Benesov-2017.jpg\"\n\t\t\t\ttitle=\"\"\n\t\t\t\tdata-src=\"https:\/\/wp.pestalozzi-gymnasium-heidenau.info\/wp-content\/gallery\/tschechien\/Benesov-2017.jpg\"\n\t\t\t\tdata-thumbnail=\"https:\/\/wp.pestalozzi-gymnasium-heidenau.info\/wp-content\/gallery\/tschechien\/thumbs\/thumbs_Benesov-2017.jpg\"\n\t\t\t\tdata-image-id=\"557\"\n\t\t\t\tdata-title=\"Benesov 2017\"\n\t\t\t\tdata-description=\"\"\n\t\t\t\tdata-image-slug=\"benesov-2017\"\n\t\t\t\t\t\t\t\t\t\t\t\t\t\t\t\t\t\t\t\tclass=\"ngg-fancybox\" rel=\"22326431206a38fb9a4ae3efdd4170af\">\n\t\t\t\t\t\t\t\t<img\n\t\t\t\t\ttitle=\"Benesov 2017\"\n\t\t\t\t\talt=\"Benesov 2017\"\n\t\t\t\t\tsrc=\"https:\/\/wp.pestalozzi-gymnasium-heidenau.info\/wp-content\/gallery\/tschechien\/thumbs\/thumbs_Benesov-2017.jpg\"\n\t\t\t\t\twidth=\"240\"\n\t\t\t\t\theight=\"160\"\n\t\t\t\t\tstyle=\"max-width:100%;\"\n\t\t\t\t\/>\n\t\t\t<\/a>\n\t\t<\/div>\n\t\t\t\t\t\t\t<\/div>\n\t\t\t\n\t\n\t<br style=\"clear: both\" \/>\n\n\t\n\t\t<!-- Pagination -->\n\t\t<div class='ngg-clear'><\/div>\t<\/div>\n<\/p>\n<p>&nbsp;<\/p>\n","protected":false},"excerpt":{"rendered":"<p>Im Rahmen der st\u00e4dtepartnerschaftlichen Beziehungen zwischen Heidenau und Bene\u0161ov nad Plou\u010dnic\u00ed in der Tschechischen Republik besteht seit 1992 eine enge Kooperation zwischen unserem Gymnasium und der Z\u00e1kladn\u00ed \u0161kola. Dobr\u00fd den, V\u00edtejte \u2013 Guten Tag und herzlich willkommen. Diese freundlichen Worte h\u00f6rt man seitdem mehrmals im Jahr. Sch\u00fclergruppen der 7. bis 9. Klassen treffen sich regelm\u00e4\u00dfig, um in verschiedensten Projekten miteinander zu arbeiten. Bei gemeinsamen Aktivit\u00e4ten lernt man sich kennen, erf\u00e4hrt viel \u00fcber die Lebensgewohnheiten der anderen und Sprachbarrieren sind schnell abgebaut. Traditionell werden Vertreter unserer Schule zur Sommersonnenwende-Feier in Bene\u0161ov eingeladen und wir freuen uns auf den Besuch unserer G\u00e4ste zum Weihnachtssingen im Dezember jeden Jahres. Lehrer unserer Schule nehmen an Workshops teil, die unsere Partnerschule organisiert. Die k\u00fcnstlerischen Ergebnisse der Projekte werden einmal im Jahr pr\u00e4sentiert. Zur Vernissage treffen sich die \u201eK\u00fcnstler\u201c auch mit Vertretern beider St\u00e4dte und Schulen. Einige Projekte der letzten Jahre: Begegnungen im Eurohof Heinewalde 2012 \u201eWas(s)erleben\u201c 2013 \u201eDer olympische Gedanke\u201c 2014 \u201eUnsere Welt\u201c 2015\/16 \u201eMusik verbindet V\u00f6lker\u201c 2017 &nbsp; &#8222;Gemeinsam \u2013 kreA(k)tivn\u011b \u2013 spolu&#8220; 2018&nbsp; &#8222;slunovrat &#8211; Sonnenwende&#8220; KleM &nbsp; &nbsp;<\/p>\n","protected":false},"author":1,"featured_media":0,"parent":0,"menu_order":0,"comment_status":"closed","ping_status":"closed","template":"","meta":{"ngg_post_thumbnail":0,"footnotes":""},"class_list":["post-319","page","type-page","status-publish","hentry"],"rttpg_featured_image_url":null,"rttpg_author":{"display_name":"pattex","author_link":"https:\/\/wp.pestalozzi-gymnasium-heidenau.info\/index.php\/author\/pattex\/"},"rttpg_comment":0,"rttpg_category":null,"rttpg_excerpt":"Im Rahmen der st\u00e4dtepartnerschaftlichen Beziehungen zwischen Heidenau und Bene\u0161ov nad Plou\u010dnic\u00ed in der Tschechischen Republik besteht seit 1992 eine enge Kooperation zwischen unserem Gymnasium und der Z\u00e1kladn\u00ed \u0161kola. Dobr\u00fd den, V\u00edtejte \u2013 Guten Tag und herzlich willkommen. Diese freundlichen Worte h\u00f6rt man seitdem mehrmals im Jahr. Sch\u00fclergruppen der 7. bis 9. Klassen treffen sich regelm\u00e4\u00dfig,&hellip;","_links":{"self":[{"href":"https:\/\/wp.pestalozzi-gymnasium-heidenau.info\/index.php\/wp-json\/wp\/v2\/pages\/319","targetHints":{"allow":["GET"]}}],"collection":[{"href":"https:\/\/wp.pestalozzi-gymnasium-heidenau.info\/index.php\/wp-json\/wp\/v2\/pages"}],"about":[{"href":"https:\/\/wp.pestalozzi-gymnasium-heidenau.info\/index.php\/wp-json\/wp\/v2\/types\/page"}],"author":[{"embeddable":true,"href":"https:\/\/wp.pestalozzi-gymnasium-heidenau.info\/index.php\/wp-json\/wp\/v2\/users\/1"}],"replies":[{"embeddable":true,"href":"https:\/\/wp.pestalozzi-gymnasium-heidenau.info\/index.php\/wp-json\/wp\/v2\/comments?post=319"}],"version-history":[{"count":6,"href":"https:\/\/wp.pestalozzi-gymnasium-heidenau.info\/index.php\/wp-json\/wp\/v2\/pages\/319\/revisions"}],"predecessor-version":[{"id":5647,"href":"https:\/\/wp.pestalozzi-gymnasium-heidenau.info\/index.php\/wp-json\/wp\/v2\/pages\/319\/revisions\/5647"}],"wp:attachment":[{"href":"https:\/\/wp.pestalozzi-gymnasium-heidenau.info\/index.php\/wp-json\/wp\/v2\/media?parent=319"}],"curies":[{"name":"wp","href":"https:\/\/api.w.org\/{rel}","templated":true}]}}