{"id":157,"date":"2015-11-17T15:35:13","date_gmt":"2015-11-17T14:35:13","guid":{"rendered":"http:\/\/www.sn.schule.de\/~gym-heidenau\/web\/?page_id=157"},"modified":"2016-02-25T13:51:39","modified_gmt":"2016-02-25T12:51:39","slug":"elternrat","status":"publish","type":"page","link":"https:\/\/wp.pestalozzi-gymnasium-heidenau.info\/index.php\/elternrat\/","title":{"rendered":"Elternrat"},"content":{"rendered":"<div id=\"content\">\n<p><b>Ab sofort ist der Schulelternsprecher Sascha Reichelt unter:<\/b><\/p>\n<p><a class=\"link\" title=\"\" href=\"mailto:elternrat@pestalozzi-gymnasium-heidenau.info\" target=\"_blank\">elternrat@pestalozzi-gymnasium-heidenau.info<\/a><\/p>\n<p><b>per Mail erreichbar.<\/b><\/p>\n<p>&nbsp;<\/p>\n<div id=\"output2\">\n<table border=\"0\" cellpadding=\"2\">\n<tbody>\n<tr>\n<td align=\"left\" width=\"valign=middle\"><b>Klasse<\/b><\/td>\n<td align=\"left\" width=\"valign=middle\"><b>Name, Vorname<\/b><\/td>\n<\/tr>\n<tr>\n<td align=\"left\" width=\"valign=middle\">5a<\/td>\n<td align=\"left\" width=\"valign=middle\">Sommer, Heike<\/td>\n<\/tr>\n<tr>\n<td align=\"left\" width=\"valign=middle\">5b<\/td>\n<td align=\"left\" width=\"valign=middle\">Weskott, Marit<\/td>\n<\/tr>\n<tr>\n<td align=\"left\" width=\"valign=middle\">5c<\/td>\n<td align=\"left\" width=\"valign=middle\">Langhans-Tumlir, Kathrin<\/td>\n<\/tr>\n<tr>\n<td align=\"left\" width=\"valign=middle\">5c-Stellvertreter<\/td>\n<td align=\"left\" width=\"valign=middle\">Lange, Anja<\/td>\n<\/tr>\n<tr>\n<td align=\"left\" width=\"valign=middle\">6a<\/td>\n<td align=\"left\" width=\"valign=middle\">H\u00fcbner, Franziska<\/td>\n<\/tr>\n<tr>\n<td align=\"left\" width=\"valign=middle\">6b<\/td>\n<td align=\"left\" width=\"valign=middle\">Gro\u00df, Stefan<\/td>\n<\/tr>\n<tr>\n<td align=\"left\" width=\"valign=middle\">6c<\/td>\n<td align=\"left\" width=\"valign=middle\">Imhof, Petra<\/td>\n<\/tr>\n<tr>\n<td align=\"left\" width=\"valign=middle\">7a<\/td>\n<td align=\"left\" width=\"valign=middle\">Gl\u00e4ser, Carola<\/td>\n<\/tr>\n<tr>\n<td align=\"left\" width=\"valign=middle\">7b<\/td>\n<td align=\"left\" width=\"valign=middle\">H\u00e4nsch, Christiane<\/td>\n<\/tr>\n<tr>\n<td align=\"left\" width=\"valign=middle\">7c<\/td>\n<td align=\"left\" width=\"valign=middle\">R\u00f6\u00dfler, Bettina<\/td>\n<\/tr>\n<tr>\n<td align=\"left\" width=\"valign=middle\">8a<\/td>\n<td align=\"left\" width=\"valign=middle\">Plachta, Mandy<\/td>\n<\/tr>\n<tr>\n<td align=\"left\" width=\"valign=middle\">8b<\/td>\n<td align=\"left\" width=\"valign=middle\">Jentzsch, Marion<\/td>\n<\/tr>\n<tr>\n<td align=\"left\" width=\"valign=middle\">8c<\/td>\n<td align=\"left\" width=\"valign=middle\">Reichelt, Sascha<\/td>\n<\/tr>\n<tr>\n<td align=\"left\" width=\"valign=middle\">8c &#8211; Stellvertreter<\/td>\n<td align=\"left\" width=\"valign=middle\">Ludwig, Yvonne<\/td>\n<\/tr>\n<tr>\n<td align=\"left\" width=\"valign=middle\">9a<\/td>\n<td align=\"left\" width=\"valign=middle\">Renk, Jeannette<\/td>\n<\/tr>\n<tr>\n<td align=\"left\" width=\"valign=middle\">9b<\/td>\n<td align=\"left\" width=\"valign=middle\">Eisermann, Jens<\/td>\n<\/tr>\n<tr>\n<td align=\"left\" width=\"valign=middle\">9c<\/td>\n<td align=\"left\" width=\"valign=middle\">Werner, Anke<\/td>\n<\/tr>\n<tr>\n<td align=\"left\" width=\"valign=middle\">9d<\/td>\n<td align=\"left\" width=\"valign=middle\">Schygulla, Michael<\/td>\n<\/tr>\n<tr>\n<td align=\"left\" width=\"valign=middle\">10a<\/td>\n<td align=\"left\" width=\"valign=middle\">Kruber, Klaus<\/td>\n<\/tr>\n<tr>\n<td align=\"left\" width=\"valign=middle\">10a -Stellvertreter<\/td>\n<td align=\"left\" width=\"valign=middle\">Schramm, Ines<\/td>\n<\/tr>\n<tr>\n<td align=\"left\" width=\"valign=middle\">10b<\/td>\n<td align=\"left\" width=\"valign=middle\">Kuntze, Evelin<\/td>\n<\/tr>\n<tr>\n<td align=\"left\" width=\"valign=middle\">10c<\/td>\n<td align=\"left\" width=\"valign=middle\"><\/td>\n<\/tr>\n<tr>\n<td align=\"left\" width=\"valign=middle\">10c -Stellvertreter<\/td>\n<td align=\"left\" width=\"valign=middle\">Adamidis, Bettina<\/td>\n<\/tr>\n<tr>\n<td align=\"left\" width=\"valign=middle\">10d<\/td>\n<td align=\"left\" width=\"valign=middle\">Grunwald, Konrad<\/td>\n<\/tr>\n<tr>\n<td align=\"left\" width=\"valign=middle\">11 En<\/td>\n<td align=\"left\" width=\"valign=middle\">B\u00f6rner, Petra<\/td>\n<\/tr>\n<tr>\n<td align=\"left\" width=\"valign=middle\">12 Ma<\/td>\n<td align=\"left\" width=\"valign=middle\">Altmann, Annett<\/td>\n<\/tr>\n<\/tbody>\n<\/table>\n<\/div>\n<div id=\"more\"><\/div>\n<\/div>\n<div id=\"commonBar\"><\/div>\n","protected":false},"excerpt":{"rendered":"<p>Ab sofort ist der Schulelternsprecher Sascha Reichelt unter: elternrat@pestalozzi-gymnasium-heidenau.info per Mail erreichbar. &nbsp; Klasse Name, Vorname 5a Sommer, Heike 5b Weskott, Marit 5c Langhans-Tumlir, Kathrin 5c-Stellvertreter Lange, Anja 6a H\u00fcbner, Franziska 6b Gro\u00df, Stefan 6c Imhof, Petra 7a Gl\u00e4ser, Carola 7b H\u00e4nsch, Christiane 7c R\u00f6\u00dfler, Bettina 8a Plachta, Mandy 8b Jentzsch, Marion 8c Reichelt, Sascha 8c &#8211; Stellvertreter Ludwig, Yvonne 9a Renk, Jeannette 9b Eisermann, Jens 9c Werner, Anke 9d Schygulla, Michael 10a Kruber, Klaus 10a -Stellvertreter Schramm, Ines 10b Kuntze, Evelin 10c 10c -Stellvertreter Adamidis, Bettina 10d Grunwald, Konrad 11 En B\u00f6rner, Petra 12 Ma Altmann, Annett<\/p>\n","protected":false},"author":1,"featured_media":0,"parent":0,"menu_order":0,"comment_status":"closed","ping_status":"closed","template":"","meta":{"ngg_post_thumbnail":0,"footnotes":""},"class_list":["post-157","page","type-page","status-publish","hentry"],"rttpg_featured_image_url":null,"rttpg_author":{"display_name":"pattex","author_link":"https:\/\/wp.pestalozzi-gymnasium-heidenau.info\/index.php\/author\/pattex\/"},"rttpg_comment":0,"rttpg_category":null,"rttpg_excerpt":"Ab sofort ist der Schulelternsprecher Sascha Reichelt unter: elternrat@pestalozzi-gymnasium-heidenau.info per Mail erreichbar. &nbsp; Klasse Name, Vorname 5a Sommer, Heike 5b Weskott, Marit 5c Langhans-Tumlir, Kathrin 5c-Stellvertreter Lange, Anja 6a H\u00fcbner, Franziska 6b Gro\u00df, Stefan 6c Imhof, Petra 7a Gl\u00e4ser, Carola 7b H\u00e4nsch, Christiane 7c R\u00f6\u00dfler, Bettina 8a Plachta, Mandy 8b Jentzsch, Marion 8c Reichelt, Sascha&hellip;","_links":{"self":[{"href":"https:\/\/wp.pestalozzi-gymnasium-heidenau.info\/index.php\/wp-json\/wp\/v2\/pages\/157","targetHints":{"allow":["GET"]}}],"collection":[{"href":"https:\/\/wp.pestalozzi-gymnasium-heidenau.info\/index.php\/wp-json\/wp\/v2\/pages"}],"about":[{"href":"https:\/\/wp.pestalozzi-gymnasium-heidenau.info\/index.php\/wp-json\/wp\/v2\/types\/page"}],"author":[{"embeddable":true,"href":"https:\/\/wp.pestalozzi-gymnasium-heidenau.info\/index.php\/wp-json\/wp\/v2\/users\/1"}],"replies":[{"embeddable":true,"href":"https:\/\/wp.pestalozzi-gymnasium-heidenau.info\/index.php\/wp-json\/wp\/v2\/comments?post=157"}],"version-history":[{"count":1,"href":"https:\/\/wp.pestalozzi-gymnasium-heidenau.info\/index.php\/wp-json\/wp\/v2\/pages\/157\/revisions"}],"predecessor-version":[{"id":2307,"href":"https:\/\/wp.pestalozzi-gymnasium-heidenau.info\/index.php\/wp-json\/wp\/v2\/pages\/157\/revisions\/2307"}],"wp:attachment":[{"href":"https:\/\/wp.pestalozzi-gymnasium-heidenau.info\/index.php\/wp-json\/wp\/v2\/media?parent=157"}],"curies":[{"name":"wp","href":"https:\/\/api.w.org\/{rel}","templated":true}]}}